{"id":13,"date":"2015-11-23T18:09:10","date_gmt":"2015-11-23T18:09:10","guid":{"rendered":"http:\/\/extinfogovalinhos.com.br\/site\/?page_id=13"},"modified":"2015-11-24T12:59:28","modified_gmt":"2015-11-24T12:59:28","slug":"empresa","status":"publish","type":"page","link":"https:\/\/extinfogovalinhos.com.br\/site\/empresa\/","title":{"rendered":"Empresa"},"content":{"rendered":"<div class=\"wpb-content-wrapper\"><p>[vc_row][vc_column width=&#8221;1\/2&#8243;][vc_column_text]Confian\u00e7a \u00e9 o que define o relacionamento da <strong><em>Extinfogo Valinhos<\/em><\/strong> com seus clientes. Baseada a uma hist\u00f3ria de quase 31 anos no mercado corporativo de extintores.<\/p>\n<p>Atualmente ocupamos uma \u00e1rea de 1.300 m2 para atender a uma extensa carteira de clientes de pequeno, m\u00e9dio e grande porte em todos os segmentos. Nossa estrutura de trabalho \u00e9 voltada a miss\u00e3o de atender de forma sustent\u00e1vel as necessidades de clientes e terceiros, com vis\u00e3o de lideran\u00e7a e excel\u00eancia nos servi\u00e7os prestados valorizando a fidelidade, integridade, ambiente de trabalho e transpar\u00eancia na gest\u00e3o.<\/p>\n<p>&nbsp;<\/p>\n<p><u>Nossos Produtos e Servi\u00e7os<\/u><\/p>\n<p>-Venda de Mangueiras de Inc\u00eandio, extintores: CO2, \u00c1gua Pressurizada, Espuma Mec\u00e2nica, P\u00f3 Qu\u00edmico (BC e ABC); sinaliza\u00e7\u00f5es extintores e Rota de Fuga.<\/p>\n<p>&#8211; Inspe\u00e7\u00e3o t\u00e9cnica de extintores;<\/p>\n<p>&#8211; Projetos AVCB \u2013 Avalia\u00e7\u00e3o de Vistoria do Corpo de Bombeiro;<\/p>\n<p>&#8211; Consultorias.<\/p>\n<p>&nbsp;<\/p>\n<p><u>Nosso diferencial:<\/u><\/p>\n<p>&#8211; Testes hidrost\u00e1ticos de mangueiras <em>in loco<\/em>.[\/vc_column_text][\/vc_column][vc_column width=&#8221;1\/2&#8243;][vc_single_image image=&#8221;33&#8243; img_size=&#8221;full&#8221; alignment=&#8221;center&#8221;][\/vc_column][\/vc_row]<\/p>\n<\/div>","protected":false},"excerpt":{"rendered":"<p>[vc_row][vc_column width=&#8221;1\/2&#8243;][vc_column_text]Confian\u00e7a \u00e9 o que define o relacionamento da Extinfogo Valinhos com seus clientes. Baseada a uma hist\u00f3ria de quase 31 anos no mercado corporativo de<span class=\"excerpt-hellip\"> [\u2026]<\/span><\/p>\n","protected":false},"author":1,"featured_media":0,"parent":0,"menu_order":0,"comment_status":"closed","ping_status":"closed","template":"","meta":{"footnotes":""},"class_list":["post-13","page","type-page","status-publish","hentry"],"_links":{"self":[{"href":"https:\/\/extinfogovalinhos.com.br\/site\/wp-json\/wp\/v2\/pages\/13","targetHints":{"allow":["GET"]}}],"collection":[{"href":"https:\/\/extinfogovalinhos.com.br\/site\/wp-json\/wp\/v2\/pages"}],"about":[{"href":"https:\/\/extinfogovalinhos.com.br\/site\/wp-json\/wp\/v2\/types\/page"}],"author":[{"embeddable":true,"href":"https:\/\/extinfogovalinhos.com.br\/site\/wp-json\/wp\/v2\/users\/1"}],"replies":[{"embeddable":true,"href":"https:\/\/extinfogovalinhos.com.br\/site\/wp-json\/wp\/v2\/comments?post=13"}],"version-history":[{"count":4,"href":"https:\/\/extinfogovalinhos.com.br\/site\/wp-json\/wp\/v2\/pages\/13\/revisions"}],"predecessor-version":[{"id":35,"href":"https:\/\/extinfogovalinhos.com.br\/site\/wp-json\/wp\/v2\/pages\/13\/revisions\/35"}],"wp:attachment":[{"href":"https:\/\/extinfogovalinhos.com.br\/site\/wp-json\/wp\/v2\/media?parent=13"}],"curies":[{"name":"wp","href":"https:\/\/api.w.org\/{rel}","templated":true}]}}