{"id":17,"date":"2015-11-23T18:20:45","date_gmt":"2015-11-23T18:20:45","guid":{"rendered":"http:\/\/extinfogovalinhos.com.br\/site\/?page_id=17"},"modified":"2015-11-26T15:42:19","modified_gmt":"2015-11-26T15:42:19","slug":"manutencao","status":"publish","type":"page","link":"https:\/\/extinfogovalinhos.com.br\/site\/manutencao\/","title":{"rendered":"Manuten\u00e7\u00e3o"},"content":{"rendered":"<div class=\"wpb-content-wrapper\"><p>[vc_row][vc_column width=&#8221;1\/2&#8243;][vc_single_image image=&#8221;41&#8243; img_size=&#8221;full&#8221; alignment=&#8221;center&#8221;][\/vc_column][vc_column width=&#8221;1\/2&#8243;][vc_column_text]A\u00a0 Extinfogo coloca a disposi\u00e7\u00e3o de seus Clientes, a sua Oficina de 1100m\u00b2\u00a0para\u00a0Manuten\u00e7\u00e3o de Extintores pronta para realizar recarga, teste hidrost\u00e1tico e pintura, com capacidade inicial de realizar\u00a07000 extintores\/m\u00eas, tudo isso com a m\u00e1xima qualidade e dentro das normas vigentes do Pa\u00eds.<\/p>\n<p>&nbsp;<\/p>\n<p><strong>Manuten\u00e7\u00e3o:<\/strong><\/p>\n<p>&#8211; Manuten\u00e7\u00e3o de Extintor de \u00c1gua<br \/>\n&#8211; Exintor de P\u00f3 BC e ABC<br \/>\n&#8211; Manut de Exintor de CO2<br \/>\n&#8211; Manut Ext Espuma Mec\u00e2nica[\/vc_column_text][\/vc_column][\/vc_row]<\/p>\n<\/div>","protected":false},"excerpt":{"rendered":"<p>[vc_row][vc_column width=&#8221;1\/2&#8243;][vc_single_image image=&#8221;41&#8243; img_size=&#8221;full&#8221; alignment=&#8221;center&#8221;][\/vc_column][vc_column width=&#8221;1\/2&#8243;][vc_column_text]A\u00a0 Extinfogo coloca a disposi\u00e7\u00e3o de seus Clientes, a sua Oficina de 1100m\u00b2\u00a0para\u00a0Manuten\u00e7\u00e3o de Extintores pronta para realizar recarga, teste hidrost\u00e1tico<span class=\"excerpt-hellip\"> [\u2026]<\/span><\/p>\n","protected":false},"author":1,"featured_media":0,"parent":0,"menu_order":0,"comment_status":"closed","ping_status":"closed","template":"","meta":{"footnotes":""},"class_list":["post-17","page","type-page","status-publish","hentry"],"_links":{"self":[{"href":"https:\/\/extinfogovalinhos.com.br\/site\/wp-json\/wp\/v2\/pages\/17","targetHints":{"allow":["GET"]}}],"collection":[{"href":"https:\/\/extinfogovalinhos.com.br\/site\/wp-json\/wp\/v2\/pages"}],"about":[{"href":"https:\/\/extinfogovalinhos.com.br\/site\/wp-json\/wp\/v2\/types\/page"}],"author":[{"embeddable":true,"href":"https:\/\/extinfogovalinhos.com.br\/site\/wp-json\/wp\/v2\/users\/1"}],"replies":[{"embeddable":true,"href":"https:\/\/extinfogovalinhos.com.br\/site\/wp-json\/wp\/v2\/comments?post=17"}],"version-history":[{"count":5,"href":"https:\/\/extinfogovalinhos.com.br\/site\/wp-json\/wp\/v2\/pages\/17\/revisions"}],"predecessor-version":[{"id":86,"href":"https:\/\/extinfogovalinhos.com.br\/site\/wp-json\/wp\/v2\/pages\/17\/revisions\/86"}],"wp:attachment":[{"href":"https:\/\/extinfogovalinhos.com.br\/site\/wp-json\/wp\/v2\/media?parent=17"}],"curies":[{"name":"wp","href":"https:\/\/api.w.org\/{rel}","templated":true}]}}